 number?
False
Is 57448553 prime?
False
Is 57363277 a prime number?
True
Is 109511987 composite?
True
Is 7902793 composite?
True
Is 58640367 a composite number?
True
Is 48595051 a composite number?
False
Is 3424019 prime?
True
Is 2900253 a prime number?
False
Is 11133137 a prime number?
True
Is 3342223 a composite number?
False
Is 8983099 a prime number?
True
Is 35401453 a composite number?
True
Is 61697827 a composite number?
True
Is 589109 prime?
True
Is 2887289 a prime number?
True
Is 21311743 a prime number?
False
Is 33869947 a prime number?
True
Is 69285911 a composite number?
False
Is 144203 a prime number?
True
Is 256286159 composite?
True
Is 5180099 a composite number?
False
Is 4297199 prime?
True
Is 247092203 a composite number?
False
Is 332187 a composite number?
True
Is 7120843 prime?
False
Is 3005049 a prime number?
False
Is 170939 composite?
True
Is 2124985 prime?
False
Is 60602497 a composite number?
False
Is 25426106 a prime number?
False
Is 801867743 composite?
False
Is 215653 a composite number?
False
Is 2379869 a composite number?
True
Is 799147 prime?
True
Is 388892743 prime?
True
Is 203324431 composite?
True
Is 999139621 prime?
True
Is 47375491 a prime number?
True
Is 3528853 composite?
False
Is 41183 a prime number?
True
Is 57848617 a composite number?
True
Is 490829 composite?
False
Is 62755609 composite?
True
Is 19865459 a composite number?
True
Is 13066877 a prime number?
True
Is 352441 a prime number?
True
Is 21746386 a composite number?
True
Is 923107 a composite number?
False
Is 2555193 a prime number?
False
Is 89706821 a composite number?
False
Is 7735859 a prime number?
False
Is 15015163 prime?
True
Is 3403111 composite?
True
Is 2300719 a composite number?
False
Is 10068049 a composite number?
True
Is 15343771 a composite number?
False
Is 5184107 a prime number?
False
Is 18612023 prime?
False
Is 97161611 composite?
True
Is 504943 composite?
False
Is 121919167 composite?
False
Is 1550477 composite?
False
Is 40681231 a composite number?
True
Is 36401329 composite?
False
Is 2293531 composite?
False
Is 9563999 composite?
False
Is 10682537 composite?
False
Is 489068143 prime?
True
Is 40229221 a composite number?
False
Is 467193 prime?
False
Is 32061619 prime?
True
Is 52258939 a prime number?
True
Is 1041203 composite?
False
Is 412886339 a prime number?
True
Is 26405227 a prime number?
True
Is 6391721 prime?
False
Is 503323 a prime number?
False
Is 9058463 composite?
False
Is 196996169 a prime number?
True
Is 38570237 composite?
False
Is 73749833 prime?
False
Is 152986 prime?
False
Is 4135435 a composite number?
True
Is 163641361 composite?
True
Is 11568369 prime?
False
Is 34570307 composite?
False
Is 561163 a prime number?
False
Is 96692737 a prime number?
False
Is 91949054 a prime number?
False
Is 15439539 a composite number?
True
Is 1821289 composite?
False
Is 9125197 a composite number?
False
Is 2182879 prime?
False
Is 20240387 a prime number?
False
Is 75800927 prime?
False
Is 4330861 a prime number?
False
Is 364447 prime?
True
Is 137023 composite?
True
Is 17053417 a composite number?
True
Is 300939281 composite?
False
Is 42941 prime?
False
Is 14388989 a composite number?
False
Is 43265177 prime?
True
Is 54550829 composite?
True
Is 21909389 composite?
False
Is 25985747 a prime number?
True
Is 14590183 composite?
False
Is 55987445 prime?
False
Is 57801863 prime?
False
Is 66507641 composite?
False
Is 12573059 a composite number?
False
Is 33695491 prime?
True
Is 4164859 composite?
False
Is 16373407 a composite number?
False
Is 60116383 a prime number?
False
Is 53541011 a prime number?
False
Is 11516569 composite?
False
Is 43667 composite?
True
Is 35256553 a prime number?
True
Is 9925663 prime?
False
Is 17057563 prime?
True
Is 253144174 prime?
False
Is 4911311 prime?
True
Is 86260973 a composite number?
False
Is 91580791 a composite number?
False
Is 23349749 a composite number?
False
Is 87863365 composite?
True
Is 50001789 prime?
False
Is 102761 composite?
False
Is 7934779 a composite number?
False
Is 246199 prime?
False
Is 3923377 a composite number?
True
Is 18921199 prime?
False
Is 2072923 a composite number?
True
Is 54723491 prime?
True
Is 1660586 a prime number?
False
Is 93131173 prime?
True
Is 3023897 composite?
False
Is 90877697 a composite number?
False
Is 341757121 prime?
False
Is 37095763 a prime number?
True
Is 31011493 composite?
True
Is 334352141 composite?
True
Is 9151089 a prime number?
False
Is 4380833 a composite number?
True
Is 36131 prime?
True
Is 966417 prime?
False
Is 7322734 composite?
True
Is 12773693 composite?
False
Is 158512105 prime?
False
Is 247548533 a composite number?
False
Is 90580979 prime?
True
Is 8279267 a composite number?
True
Is 637059 a prime number?
False
Is 64321693 a prime number?
False
Is 4324321 a composite number?
False
Is 31488686 composite?
True
Is 11806601 a composite number?
False
Is 247873 a composite number?
False
Is 375281 composite?
False
Is 4893677 a prime number?
False
Is 113077597 a composite number?
False
Is 10245413 a prime number?
False
Is 11884759 prime?
False
Is 1228457 composite?
False
Is 5824019 composite?
False
Is 693509 prime?
False
Is 341281661 a prime number?
False
Is 3505763 a prime number?
True
Is 173425193 composite?
False
Is 30063679 a composite number?
True
Is 1520227 composite?
False
Is 1999163 a composite number?
False
Is 45151307 a composite number?
False
Is 1668353 a prime number?
False
Is 20398613 a composite number?
True
Is 199149901 a composite number?
False
Is 18628257 prime?
False
Is 68096573 a composite number?
True
Is 301267 composite?
False
Is 23487869 a composite number?
False
Is 96179917 a composite number?
False
Is 1742017 a prime number?
True
Is 93265651 prime?
False
Is 525689 a composite number?
True
Is 8068241 a prime number?
True
Is 1232633 a prime number?
False
Is 12476059 prime?
True
Is 4219933 prime?
True
Is 16633821 prime?
False
Is 5583671 a prime number?
True
Is 160583081 a prime number?
True
Is 25661369 composite?
False
Is 2562097 prime?
True
Is 190980671 composite?
True
Is 22966357 a composite number?
False
Is 12870301 prime?
False
Is 1151861 a prime number?
True
Is 18650377 a composite number?
True
Is 50654213 a composite number?
True
Is 28682359 composite?
False
Is 62288879 a prime number?
False
Is 21799471 a composite number?
True
Is 6789507 prime?
False
Is 6012593 a composite number?
True
Is 6021187 composite?
False
Is 6902951 composite?
True
Is 2155927 composite?
True
Is 18637159 prime?
False
Is 244435021 a composite number?
True
Is 90447793 a composite number?
True
Is 251521045 a composite number?
True
Is 10097003 composite?
True
Is 14133827 prime?
True
Is 13123493 a prime number?
False
Is 44619503 a composite number?
False
Is 72059021 composite?
False
Is 243034787 a composite number?
False
Is 258179 a composite number?
True
Is 244668071 prime?
True
Is 16972157 a composite number?
False
Is 3630277 a composite number?
True
Is 2208377 prime?
True
Is 765577 a composite number?
False
Is 517711 composite?
False
Is 11726569 a prime number?
False
Is 53818133 prime?
False
Is 488503 composite?
False
Is 41868047 a prime number?
False
Is 131357 prime?
True
Is 79393289 a composite number?
False
Is 1392197 prime?
True
Is 1317091 composite?
False
Is 252109477 composite?
False
Is 31421557 prime?
True
Is 4291237 a composite number?
True
Is 22147 a composite number?
False
Is 2029369 a composite number?
False
Is 943957 a prime number?
False
Is 3609653 prime?
False
Is 38443583 prime?
False
Is 27571723 a composite number?
False
Is 364135358 prime?
False
Is 2314687 a composite number?
True
Is 23281663 composite?
False
Is 13444919 composite?
False
Is 97631579 a prime number?
True
Is 132485921 prime?
True
Is 49591769 a composite number?
True
Is 3358889 a composite number?
False
Is 705403 composite?
False
Is 7981013 prime?
True
Is 189613 prime?
True
Is 2288441 a prime number?
True
Is 3337307 composite?
False
Is 205039 prime?
False
Is 819424042 prime?
False
Is 11656159 composite?
False
Is 368891 a prime number?
False
Is 5110483 a prime number?
False
Is 5004266 prime?
False
Is 79584253 a prime number?
False
Is 254531 a composite number?
True
Is 2942159 a prime number?
False
Is 8939897 a composite number?
True
Is 94072661 a composite number?